k**2 + 8*k - 6. Determine m(j).
9
Let w(i) = 2*i**2 - i**2 - 5 - 2*i**2 - 10*i + 4*i. Give w(-6).
-5
Let s(d) = -d + 5. Let t(u) = 3*u - 15. Let x(l) = 17*s(l) + 6*t(l). Suppose -2*j + 4*z - 7 = 5, z - 21 = 5*j. Calculate x(j).
-9
Let d be (-120)/(-25) - (-2)/10. Let w be (2 + 3)*(-6)/d. Let c(s) = -s - 8. Give c(w).
-2
Let i(z) = z. Let h(a) = -a**3 + 2*a**2 + 2*a + 3. Let m(c) = h(c) + i(c). Let b = -5 - -8. Calculate m(b).
3
Let v(x) = -5*x**2 - 11*x + 14. Let w(b) = 4*b**2 + 10*b - 13. Let r(k) = -3*v(k) - 4*w(k). Determine r(-8).
2
Let g(n) = n**2 - 4 + 2 - 13*n + 16*n + 0. Let w be (-6)/15 + (-24)/(-10). Let i = w - 6. Give g(i).
2
Suppose 0 = f - 3*f. Let o(x) = x**2 + x + 2. Let u be o(f). Suppose u*y = -3*y. Let m(w) = -w**3 - w**2 + w. Give m(y).
0
Suppose -3*b = 2*b - 100. Suppose b = 7*m - 2*m. Let g(k) = k**3 - 4*k**2 + 3*k - 6. Calculate g(m).
6
Let n be 5/((-15)/(-4))*(0 + -3). Let z(u) = u**2 + 4*u - 1. Determine z(n).
-1
Let x be (-4)/(-14) - (-26)/7. Let y(a) = -1 + 4 - 4*a - x. Let l(d) = d**3 + d**2 - d - 2. Let j be l(-1). Calculate y(j).
3
Let n(f) be the third derivative of f**5/60 + f**4/24 + 16*f**2. What is n(2)?
6
Let g = -4 - -6. Let s(v) = -34*v**3 - 6*v + 35*v**3 - v**g - 2*v**2 - 7. Determine s(5).
13
Let l(g) = 2*g**2 - 1. Let r be l(-1). Suppose 0 = f + 4*b + 6, -5*b - 19 = -4*f - r. Let m(a) = 2*a - 5*a - 6*a**2 + f*a. What is m(-1)?
-5
Let q(h) = 0 - 9*h**2 - h + 0. Let c be (-5)/2*(-10)/(-25). What is q(c)?
-8
Let i(p) = -2*p + 14 - 3*p + 12 - 28. Determine i(-3).
13
Let u(b) = -3 + 22*b - 23*b + 0. Let v(x) = x**3 + 7*x**2 + x + 3. Let r be v(-7). What is u(r)?
1
Suppose 5 = -3*i + 2*r + 17, -i - r = 1. Let q(u) = u**3 - u**2 + u + 2*u**2 + 2*u - 2 + i*u**2. Give q(-3).
-11
Let u(g) = 4*g**3 - 5*g**2 + 11*g + 5. Let x(c) = -3*c**3 + 5*c**2 - 10*c - 4. Let d(q) = 4*u(q) + 5*x(q). Determine d(-6).
0
Let v(u) be the second derivative of u**3/2 + 4*u**2 + u. Give v(-6).
-10
Let u(w) = -2 + 3 + 7*w - w**2 - 5 + 2. What is u(7)?
-2
Suppose o + 5*d = -14, -2*o + 5*d + 16 = -16. Let q(r) = r**3 - 6*r**2 + r + 6. Calculate q(o).
12
Let l(o) be the first derivative of o**4/4 - 5*o**3/3 - 3*o**2 + 7*o - 2. Let s be (-1 - -1) + (-54)/(-9). What is l(s)?
7
Let c(g) = -g**3 + 4*g**2 - 4. Let b be c(3). Suppose 4*p - b = -p. Let w(x) = -3*x**3 - x**2 + x. Determine w(p).
-3
Let v(f) be the first derivative of 5*f**2/2 + f + 1. Let b be (1/(-1) - -2) + 0. Calculate v(b).
6
Let r(q) be the third derivative of q**9/60480 + q**8/10080 - q**7/1680 + q**6/720 + q**5/15 - 3*q**2. Let s(u) be the third derivative of r(u). What is s(-3)?
1
Let y(n) = -2*n**2 + 2*n + 1. Let g be -1*(-2 + 3) + 4. Calculate y(g).
-11
Let z(s) = -s + 3. Let a(n) = -3*n + 5. Let i(p) = 4*a(p) - 7*z(p). Suppose -4*y + 1 = -3. Calculate i(y).
-6
Let i(x) = -x + 3. Let v(n) = n - 7. Let a be v(11). Let k be (3/a - 2)*-4. What is i(k)?
-2
Let k(q) = q**2 - 5*q - 6. Let t(a) = -6*a**3 + 2*a**2 + 5*a + 2. Let c be t(-1). Determine k(c).
-6
Let m be (-3)/2*16/(-6). Let y(r) = -2877*r**3 + 2876*r**3 + 5*r + 0*r + 3*r**2. What is y(m)?
4
Let q(r) = -r**2 + 0*r**2 + 0*r**2 + 39 - 40 + r. Calculate q(2).
-3
Let n(a) be the third derivative of -a**4/24 - 2*a**3/3 + 19*a**2. Determine n(-4).
0
Let y(r) = r**2 + 8. Suppose 77*j - 75*j = 0. What is y(j)?
8
Let s(n) = -3 - 1 - n - n**3 + 3*n**2 - 2*n - 7*n**2. Let u(v) = v - 11. Let l be u(8). What is s(l)?
-4
Suppose 3*b = -5*w + 4, b + 7*w - 9*w + 6 = 0. Let q(n) = 12*n + 3. Give q(b).
-21
Let n(t) = t**3 + 6*t**2 - 6*t + 3. Let i(r) = -r**2 - 4*r - 2. Let k be i(-5). Calculate n(k).
-4
Suppose -24*p - 40 = -29*p. Let o(a) = -a + 9. Give o(p).
1
Suppose 3*c = 5*h + c - 10, 5*h + 2*c = 10. Let z(o) = -3 + 1 - 4*o**h + 0 + 5*o**2. Let y = -5 + 8. Determine z(y).
7
Suppose 0 = -2*l + 5*i - 13, -6*i + 3*i + 15 = -3*l. Let j(k) = k + 5. Give j(l).
1
Suppose -4*g - 2*a - 1 - 21 = 0, 0 = -g + 3*a + 12. Let v(u) = -u**3 - 3*u**2 - 4. Determine v(g).
-4
Let i(r) = -r**3 + r - 1. Let k(x) = -5*x**3 + 3*x**2 + 4*x - 1. Let a(c) = 6*i(c) - k(c). Let g be (-1 + -2)/((-3)/(-4)). What is a(g)?
3
Let v(x) be the second derivative of x**4/12 + x**3/3 - x**2/2 + 26*x. Calculate v(2).
7
Suppose -4*w + 3*c = -32, 2*c - 6*c - 32 = -4*w. Let u(l) = l**2 - 10*l + 11. Calculate u(w).
-5
Let x be 1/(-3) - 192/(-36). Let v = x + -4. Let b(s) = -3*s**3 - s + 1. What is b(v)?
-3
Suppose 2*k - 25 = -3*k + 3*t, 5*t + 29 = 2*k. Let q(c) = 2*c**3 - 2*c**2 + c + 1. Determine q(k).
11
Let k(v) be the first derivative of v**2 + v + 15. Give k(1).
3
Let k(p) = -2*p - 13. Suppose 2*d = 4*o + 5*d + 51, -4*o - 16 = -4*d. What is k(o)?
5
Let c(d) = -d**3 - 5*d**2 - 5*d. Let q be ((-8)/(-10))/(4/(-20)). Give c(q).
4
Let q(d) = -d**2 - d + 2. Let j = -1 + 2. Let k be (-60)/(-16) + (-6)/8. Let o = j - k. Give q(o).
0
Let v(w) be the first derivative of -w**3/3 - w**2 + 3*w - 32. Give v(3).
-12
Let n(j) = j**3 + 5*j**2 - 5. Suppose 0 = -4*m - 34 + 6. Let p be ((-8)/6)/((-8)/12). Let t = m + p. Determine n(t).
-5
Let f(n) = n + 87 - 176 + 90. Give f(-2).
-1
Let c(u) be the first derivative of -u**2/2 + 1. Give c(-2).
2
Let z be (-4)/3 - 2/(-6). Let i be -2 - z - (-1)/1. Let u(s) = s**2 + 3 - 7 - 1. What is u(i)?
-5
Let a(u) = 21*u**2 + 5*u + 5. Let c(d) = 5*d**2 + d + 1. Let s(v) = 2*a(v) - 9*c(v). Give s(-1).
-3
Let i be -2 + (-2)/(-4*4/(-8)). Let p(k) = k - 3. Give p(i).
-6
Let k = -140 + 145. Let b(s) be the second derivative of s**4/12 + 2*s**2 - s. Let z(l) = -l**2 - l - 4. Let u(q) = -6*b(q) - 5*z(q). Calculate u(k).
-4
Let j(a) be the first derivative of a**2/2 - a + 1. What is j(-6)?
-7
Let a(m) = -21*m**2 - 9*m + 11. Suppose -5*c + 17 = 3*s + 4, -22 = -4*s - 2*c. Let d(z) = 11*z**2 + 5*z - 6. Let b(h) = s*a(h) + 11*d(h). Determine b(1).
-4
Let b(r) = r**2 + 1. Let m(i) = -i**2 - i. Let x(j) = -2*b(j) - 3*m(j). Let g(f) be the first derivative of x(f). What is g(-6)?
-9
Let h(j) be the first derivative of -j**4/4 - 5*j**3/3 + j**2/2 + 3*j - 2. What is h(-5)?
-2
Suppose 0 = -5*d + 22 + 3. Let y(r) = -r - 1. Let a(w) = -w**2 + 10*w. Let p(g) = -a(g) - 3*y(g). Give p(d).
-7
Let z be 0 + (1 - 0) + 0. Let v be (2 + 2)/z + 2. Let t = -7 + v. Let n(o) = -9*o**3 - o**2 + 1. Determine n(t).
9
Let o be 2 - (-2)/4*-2. Suppose -g = 4*z - 5, 5 = z + 5*g - o. Let w be (1/(-1) - 0)/z. Let b(m) = -2*m. Determine b(w).
2
Let l be (1 + (-5)/3)/(4/36). Let t(p) = 6*p + 5. Let f(u) = -3*u - 2. Let i(k) = -5*f(k) - 3*t(k). Calculate i(l).
13
Let r(h) = h. Suppose a - 2 = -2*m + 2, -m - 3*a = -2. What is r(m)?
2
Let v = -83 - -87. Let h(w) be the second derivative of w**5/20 - w**4/4 - 2*w**3/3 - 5*w**2/2 - w. Calculate h(v).
-5
Let g(d) = d + 11. Let x(q) = 2*q + 22. Let t(f) = 8*f**3 - f**2. Let b be t(1). Let r(o) = b*g(o) - 3*x(o). What is r(-5)?
6
Let a = 15 + -17. Let z(s) = s**3 + s**2 - s + 2. Determine z(a).
0
Let v(x) be the second derivative of -x**3/6 + 7*x**2/2 + 6*x. Give v(6).
1
Let a(b) = 2*b**2 - 10*b + 13. Let p(n) = n**2 - 5*n + 7. Let v(d) = 4*a(d) - 7*p(d). What is v(5)?
3
Let t(z) = -z - 2. Let y(s) = 2*s + 3. Let q(a) = 3*t(a) + 2*y(a). Give q(2).
2
Let z = -21 - -24. Let t(w) = -3*w + 3. Determine t(z).
-6
Let i be (8/22)/((-4)/(-22)). Let z(j) = -j**3 - j**2 - j. Determine z(i).
-14
Suppose 5*q = -3*t + 3, 3*t + 2*q - 3 = -0. Let k(h) be the first derivative of 3*h - 1/2*h**2 - t. Calculate k(5).
-2
Let l(j) = 13*j + 28. Let v(u) = -11 - 11 + 3 - 9*u. Let g(k) = -5*l(k) - 7*v(k). Let y be g(-5). Let o(s) = -s**2 + 3. Determine o(y).
-6
Let o(q) = q - 8. Let g be o(10). Suppose -3*b + 0*b = -3, g*t - 13 = -5*b. Let l(x) = -2*x**2 + 5*x - 3. Calculate l(t).
-15
Suppose 5*j - 10 = n, -j + n + 0 = 2. Let m(r) = -6 - j*r + 8*r + 3*r**2 - 2*r**2. Let h be m(-6). Let w(t) = -t + 7. Determine w(h).
7
Let k(a) = a**2 + 2*a. Let r = -12 + 4. Let c be r/(-6) + 2/3. Give k(c).
8
Let f(p) = p**3 - 7*p**2 - 3993 + 0*p**3 + 3985. Suppose 2*b = -3*c + 6 - 4, -5*b + 39 = -c. Give f(b).
-8
Let l(k) = 2 + 2*k - k**2 - 2*k - 2*k. Let j be (-8)/((-8)/(-2)) + 9/(-9). Give l(j).
-1
Let p = 4 - 3. Let d(h) = -2*h - 4 + 3*h + 6 + p. Calculate d(0).
3
Let b(h) = -2*h + 9. Let v be 6/(-3 + 48/15). Let j be ((-3)/(-9))/((-2)/v). Let n(o) = 2*o - 10. Let r(p) = j*b(p) - 4*